 factors of u.
13, 37, 43
Let i(l) = 51*l - 1118. What are the prime factors of i(64)?
2, 29, 37
Let o(r) = 2*r**2 - 13*r - 4. Suppose y + 4 = 5*b, 5*y = 4*y - 2*b + 17. Suppose -2*i + i = -2*k - 12, 3*i = k + y. What are the prime factors of o(k)?
3, 37
Suppose 4*n + 5*r = 44238, 2*n - 3*r = -r + 22092. List the prime factors of n.
2, 3, 307
Let o(s) = 86*s + 39. Let k be o(8). Suppose k*m - 1317 = 724*m. What are the prime factors of m?
439
Let m(k) = 104*k + 1. Let t be m(1). Suppose 5*z - 35 = t. Let d = z - -29. List the prime factors of d.
3, 19
Suppose 6 = -9*z - 3. Let x(p) = -151*p - 4. What are the prime factors of x(z)?
3, 7
Let o(d) be the third derivative of d**6/120 - 7*d**5/30 - 5*d**4/8 - 4*d**3/3 + 8*d**2. Let y be o(15). What are the prime factors of (16/6)/(y/(-108))?
2, 3
Let m = 317 + -315. List the prime factors of (6920/(-100))/(1/(-15)*m).
3, 173
Suppose -2*c = 3*f + 494, -4*c - 5*f + 4*f = 978. Let q = c - -324. List the prime factors of q.
2, 5
Suppose -5*p + 6164 = 2*l, l + 4*p = p + 3082. Suppose l = 31*t - 6342. What are the prime factors of t?
2, 19
Let s(y) = 3*y**3 - 11*y**2 + 58*y + 3. Let g be ((-32)/6)/(58/(-87)). What are the prime factors of s(g)?
3, 433
Let u(z) = -11*z - 1. Let i be u(-2). Let s(b) be the second derivative of b**4/12 - 10*b**3/3 + 9*b**2/2 + 3*b + 9. What are the prime factors of s(i)?
2, 3, 5
Let k(j) = 5*j**3 - 25*j**2 + 33*j + 55. List the prime factors of k(12).
17, 19
Let j(h) = 5*h - 29. Let x be j(13). Let o(n) = -n**2 - 25*n + 23. Let a be o(-16). Let c = a - x. List the prime factors of c.
131
Let r(o) = -7*o + 63. Let t be r(9). Suppose -a + 86 + 76 = t. Suppose 0 = -3*m - a + 441. What are the prime factors of m?
3, 31
Let d(p) = 19*p**2 - 22*p + 21. Let c be d(1). What are the prime factors of 43043/78 + 3/c?
2, 3, 23
Suppose 0 = -2*w - 3*x + 61739, 4*x = -2*w - 21372 + 83112. List the prime factors of w.
2, 7717
Suppose 3*w + 1305 = 1197. List the prime factors of ((-3288)/w)/(3/18).
2, 137
Suppose -730*b + 1301900 = -680*b. List the prime factors of b.
2, 47, 277
Let b be (7/(-3))/((-4)/12). Let y(h) = 5*h - 17. Let g be y(b). Suppose t - 3*i = g, 2*t - 6*i - 48 = -4*i. List the prime factors of t.
3
Let a = 227 + -223. Let d(p) = 8*p**3 - 6*p**2 + 11*p - 4. What are the prime factors of d(a)?
2, 3, 19
Suppose -3*w = g - 5789, 28981 = 5*g + 9*w - 6*w. What are the prime factors of g?
2, 13, 223
Let p = 25970 - 3083. What are the prime factors of p?
3, 2543
Suppose 8*y - 6*y = 36. Suppose y*o - 19*o = -2. Suppose -3*p = -2*j - 42, 0 = 3*p + o*p + 4*j - 92. List the prime factors of p.
2
Suppose 4*n = -r - 247 + 3823, -2*n = 6. List the prime factors of r.
2, 3, 13, 23
Let t(d) = -2*d + 40. Let a be t(18). Suppose 0 = -23*p + 19*p + a. Suppose 0 = 3*f - 8 - p. What are the prime factors of f?
3
Let m(h) be the first derivative of 23*h**2/2 - 10*h + 36. Let j be (-6)/(-3) - (-3 - -2). What are the prime factors of m(j)?
59
Let u(f) = -8*f + 26. Let a be u(5). What are the prime factors of (-78 + -6)*48/a?
2, 3
Let p(c) = 24*c + 2. Let z be p(1). Suppose -7*f + z = -2. Suppose -l - f*h + 21 = 0, 0*h + 4*h + 18 = 2*l. What are the prime factors of l?
13
Let t(c) = c**2 + 10*c - 11. Let j(p) = 11*p - 10. Let x(s) = -3*j(s) + 2*t(s). Let o be x(7). What are the prime factors of 230/o + 2/3?
2
Suppose c - 78568 = -4*n, -2*c + 99016 + 58125 = 3*n. What are the prime factors of c?
2, 13, 1511
Suppose -w + 3*j + 2796 = 0, -2*w + j = -5808 + 201. Suppose -25*p + 24*p = -w. Suppose p = 8*m + 3*m. What are the prime factors of m?
3, 5, 17
Let o(x) = x**2 - 49. Let j be o(-18). What are the prime factors of (64/5)/(110/j)?
2
Let v = -32453 + 36050. What are the prime factors of v?
3, 11, 109
List the prime factors of 2301 - (-9 - 225)/18.
2, 13, 89
Let t(x) = 1381*x**3 - 2*x**2 - 3*x. Let o be t(-1). Let i be 2/((-4132)/o + -3). Let p = -210 - i. What are the prime factors of p?
3, 5
Let x(o) = o**3 + 12*o**2 - 14*o - 11. Let k be x(-13). Suppose 0 = u + k*u - 1110. Let b = -248 + u. What are the prime factors of b?
2, 61
Let q = -798 + 723. Let v(t) = -22*t - 1. Let g be v(1). Let j = g - q. What are the prime factors of j?
2, 13
Let n be 17/4 + (-2)/8. Suppose 9*p = n*c + 8*p - 828, -3*c + 636 = 3*p. What are the prime factors of c?
2, 13
Suppose 2*x + 5*l = 598 + 1352, -3*x + 5*l = -2975. Suppose 8*k - 4249 + x = 0. List the prime factors of k.
2, 3, 17
Suppose 63*y - 66*y - 5*a = -208810, 3*y = 4*a + 208792. List the prime factors of y.
2, 3, 5, 29
Let v(i) = -934*i**3 + 3*i**2 - 6*i + 4. Let g be v(1). Let x = g + 1579. What are the prime factors of x?
2, 17, 19
Suppose 0 = 5*g - 25, 0*c + g = -4*c + 433. What are the prime factors of (-5 + 4 - -4)*c?
3, 107
Let l(z) = 69*z**2 + 11*z + 5. Let m be l(-4). Let d = m + -699. What are the prime factors of d?
2, 3, 61
Let m = 508 - 469. Suppose -m*p - 432 = -42*p. What are the prime factors of p?
2, 3
Suppose p - 4*s = 24696, 5*s = 15*p - 16*p + 24759. List the prime factors of p.
2, 7, 883
Suppose -220*d + 145*d + 588000 = 0. What are the prime factors of d?
2, 5, 7
Suppose -672172 = -64*q - 168044. List the prime factors of q.
7877
Suppose -65 = -13*c, 2*c = -3*m + 3*c + 5200. What are the prime factors of m?
5, 347
Suppose -217*m = 222*m - 432*m - 34769. List the prime factors of m.
4967
Suppose 114*k - 331374 = 155634. List the prime factors of k.
2, 3, 89
Let n be ((-10)/(-2) - -16)/((-6)/(-2996)). Suppose 34*q = n + 22834. List the prime factors of q.
2, 5, 7
Let b(i) = -20*i**2 + 6*i + 50. Let j(n) = -n**2 + 2*n. Let x(d) = -b(d) + 5*j(d). List the prime factors of x(-8).
2, 439
Let b(l) = -5*l**3 + 6*l**2 - 67*l + 23. List the prime factors of b(-7).
41, 61
Suppose -3*i = -5*p + 41, -p + 0*i + 9 = -i. Let r(v) = 1 + 3 + 5*v - p. List the prime factors of r(3).
2, 3
Suppose 134*p = 131*p. Suppose p = 19*j - 4948 - 5217. What are the prime factors of j?
5, 107
Suppose -2*p + 16 = 2*p. Let r be (-9)/(9/p) + 2. What are the prime factors of (10/5)/r + 1*13?
2, 3
Let z(i) = -i**3 + 849 - 346 - 273 + 5*i**2 - 3*i + 829 - 4*i**2. What are the prime factors of z(0)?
3, 353
Let n(d) = -d. Let v(s) = -s**2 + s - 1. Let w(p) = -2*n(p) + v(p). Let k be w(5). Let q = k - -42. List the prime factors of q.
31
Let o(m) = 23*m - 12*m**2 + 24 - m**3 + 39*m - 67*m. Let t be o(-10). Let b = -41 - t. What are the prime factors of b?
5, 17
Let g(x) = 12*x + 197. Let m be g(-14). Suppose m*l + 15555 = 44*l. What are the prime factors of l?
17, 61
Let p(a) = 2*a**3 - 5*a**2 - 30*a + 304. List the prime factors of p(24).
2, 761
Suppose 4*r + 18*r - 684250 = -24*r. What are the prime factors of r?
5, 7, 17
Let d(q) = -10*q**3 + 5*q**2 + 8*q + 2. Let y be d(-2). Let a = 86 - y. Suppose -236 = -a*t - 4*t. What are the prime factors of t?
59
Let p be (-104)/12 + 9 - 11/(-3). What are the prime factors of 1*(397 + 10/(6 - p))?
2, 3, 67
Let m = -18 - -63. Suppose -2*a + 3 + m = 0. Suppose -a*u = -17*u - 1085. List the prime factors of u.
5, 31
Let p(n) = -6*n**2 + 106*n + 73. Let d(a) = -3*a**2 + 51*a + 36. Let z(l) = -13*d(l) + 6*p(l). List the prime factors of z(-12).
2, 3, 11
Let v(i) = 154*i**2 + 39*i - 729. What are the prime factors of v(11)?
2, 89, 103
Let u(h) = h**2 + 3 + 1554*h - 780*h - 783*h + 68*h**3. What are the prime factors of u(2)?
13, 41
Let a(g) = -1081*g + 1262. What are the prime factors of a(-7)?
3, 109
Suppose 5*i + 3*z - 40 = 0, -41*z + 10 = -2*i - 37*z. Suppose -4*s = i*k - 3256, 4*s - 6*s + 1654 = -4*k. List the prime factors of s.
3, 7, 13
Let u be 85 + -8*(-4)/(-8). Suppose u = -5*d - 129. Let z = d + 61. What are the prime factors of z?
19
Let j be (-2)/10 - 104/(-20). Suppose y = -x - 3*x + j, -x + 3*y = -11. Suppose -6*n + x*n = -296. What are the prime factors of n?
2, 37
Let h be -45 + 44 + (0 + -1 - -7). Suppose 5*i - h*n = i + 2326, 0 = -2*i - 5*n + 1178. List the prime factors of i.
2, 73
Let a = 464 + -256. Suppose 5*t = -2*h + 260, -5*h - a = 2*t - 6*t. List the prime factors of t.
2, 13
Let u(d) = -d**2 - d - 3. Let y(a) = -14*a**2 - 23*a - 75. Let k(j) = 6*u(j) - y(j). What are the prime factors of k(-7)?
2, 3, 5, 11
Let z(u) = 221*u + 15. Let w be z(-4). Let q = 1901 + w. List the prime factors of q.
2, 3, 43
Suppos